ist the prime factors of q.
29
Let b = 5 + -6. Let v = 29 + b. List the prime factors of v.
2, 7
Suppose 3*s + 0*j - 3*j + 6 = 0, 6 = -s - j. List the prime factors of (-2)/s*(2 + (2 - -222)).
113
Suppose 3*q = -6, -2*q - 46 - 99 = t. Let n = 200 + t. List the prime factors of n.
59
Let f(c) = -c**3 + 10*c**2 - 3*c - 17. Let o = -1 + 3. Suppose 3*y - 45 = -o*y. What are the prime factors of f(y)?
37
Suppose 0 = 16*s - 114 - 46. List the prime factors of s.
2, 5
Suppose -5*p = 5*p - 1350. What are the prime factors of p?
3, 5
Let c be 4/3 + 0 + (-1)/3. What are the prime factors of 0 + 44 - (c + 2)?
41
Let d(i) = -6*i + 24. Let c be d(12). List the prime factors of ((-12)/9)/(2/c).
2
Let r be 4060/36 + 14/63. Suppose 5*o - 2*j = 385, -4*j - 41 - 204 = -3*o. Let c = r - o. List the prime factors of c.
2, 19
Suppose 18*m - 29*m = -440. Suppose 2*t - 47 = 3*p, 44 = -3*p + 2*p - 5*t. Let a = m + p. What are the prime factors of a?
3, 7
Let d be 6/2 - 90/(-3)*8. Let v = -140 + d. What are the prime factors of v?
103
Let o(b) = -35*b**3 + 4*b**2 + b - 1. Let f be o(-3). Suppose 102 - f = -7*x. Let i = x + -59. List the prime factors of i.
2, 3, 11
Let l = 2008 - 741. What are the prime factors of l?
7, 181
Suppose -4*y - 4*j + j - 20 = 0, -26 = 5*y + 4*j. List the prime factors of (0/y)/2 + 190 + 51.
241
Let w(z) = -11 + 44*z - 5 - 3*z - 16. List the prime factors of w(4).
2, 3, 11
Let a(m) = 3*m - 14. Let b be a(6). Suppose 0*u = -b*u + 88. List the prime factors of u.
2, 11
Let h be 6 + (-312)/54 - 194/(-18). Suppose h*s + 798 = 2547. List the prime factors of s.
3, 53
Suppose 3*t + 7 - 25 = 0. Suppose 0 = -t*i + 4*i. Suppose i = -f + 13 + 17. What are the prime factors of f?
2, 3, 5
Let s(c) = -11*c**2 + 43*c - 26. Let k(d) = -4*d**2 + 14*d - 9. Let f(a) = -17*k(a) + 6*s(a). List the prime factors of f(-15).
3, 7
Suppose -x - 42 = -4*x. Let q = x - 9. What are the prime factors of q?
5
Suppose -z + 17 = 5*v, 2 = -z - z + 2*v. Suppose z*p + 0*p = -5*m + 149, -p + 4*m = -94. List the prime factors of p.
2, 41
Let h(t) = -t - 17. Let a be h(-15). Let d = 5 + a. Suppose -d*o - 6 = 0, -w + 9 = -o - 29. What are the prime factors of w?
2, 3
Let c(q) = 17*q**2 - 35*q - 271. What are the prime factors of c(-7)?
3, 269
Let b(j) = -23*j**3 + 3*j**2 + 5*j + 5. Let k be b(-2). Let g = -119 + k. What are the prime factors of g?
2, 3
Let w be 4/(-14) - (-248)/(-14). Suppose 21*z + 600 = 51*z. Let h = z - w. What are the prime factors of h?
2, 19
Let b = -23 + 72. Suppose x = -0*g - 3*g + 30, -5*g - 2*x = -b. List the prime factors of g.
11
Let w = -747 - -1121. What are the prime factors of w?
2, 11, 17
Suppose 5*u + u = 264. Let y(t) = 22 - 46 + 2*t + u. List the prime factors of y(0).
2, 5
Let k = -17 + 21. Suppose d - 183 = k*d. Let y = -28 - d. What are the prime factors of y?
3, 11
Suppose -g = 3*v + 1 + 6, -5*v - 21 = -3*g. Let y be (-930)/20 + (-3)/g. Let w = y + 93. What are the prime factors of w?
3, 5
Let r be (-19640)/(-65) - ((-24)/13 - -2). Suppose -2*f + r = 4*q, 5*q - f - 2*f - 372 = 0. List the prime factors of q.
3, 5
Let q(p) = 323*p - 14. What are the prime factors of q(1)?
3, 103
Let r = -9 - -19. Suppose -4*x = -3*h - r, 5*h + 5*x = -0*x - 5. List the prime factors of (1/h)/(1/(-40)).
2, 5
Let d = 1 + 0. Let h be (0*d/(-1))/(-3). Suppose 2*w - 56 = -h*w. List the prime factors of w.
2, 7
Suppose 2*y + 12 = 70. Let d = y + -21. Let j = 23 - d. What are the prime factors of j?
3, 5
List the prime factors of 2 + (-1051)/(-2) - 33/22.
2, 263
Let j = -81 - -72. Let w(s) = 3*s**2 + 7*s + 37. List the prime factors of w(j).
7, 31
Let g = 2149 - -2065. What are the prime factors of g?
2, 7, 43
What are the prime factors of (-118 + 1)*(15 + -17)?
2, 3, 13
Suppose 2*a - 3 = -1. Let b = a + -15. List the prime factors of b/(-1 - (-2 - -2)).
2, 7
Let q = 13485 - 9164. List the prime factors of q.
29, 149
Let y be (-1 - -5) + 0/(-4). Let f be 18/(y/((-64)/(-3))). Suppose f = 2*h + 2*h. What are the prime factors of h?
2, 3
Let q(r) = 8 + 0*r - 2 + 9*r. Let d be q(8). Suppose 0*h = h - d. What are the prime factors of h?
2, 3, 13
Let i(h) = h**2 + 10*h + 9. Let n be i(-9). Let y = n + 5. Suppose y*j - 16 = 119. List the prime factors of j.
3
Let o = -8 + 13. Suppose -4*j + 6*j - o*p + 9 = 0, -p = -3. Suppose -2*s - 6 = -4*d, 0 = -j*s + 15. List the prime factors of d.
2
Let x(s) = 6*s**2 - 6*s + 3. What are the prime factors of x(-2)?
3, 13
Let v = 5572 - 3324. What are the prime factors of v?
2, 281
Let c = 552 + -73. What are the prime factors of c?
479
Let s = 3771 - 2252. List the prime factors of s.
7, 31
What are the prime factors of (2/(-10))/(6/(-10110))?
337
Let r(k) = 31*k + 2. Let i(y) be the third derivative of -y**4/12 + y**3/3 - 7*y**2. Let v be i(0). List the prime factors of r(v).
2
Let n = -196 - -446. List the prime factors of n.
2, 5
Suppose -2*u - 2*k = -140, -2*u + k = -0*k - 128. Suppose 0 = -i - 5*w + u, -3*w - 93 = -i - i. List the prime factors of i.
3, 17
Let s(z) = 5*z**2 + 4*z + 2. Let v be s(-2). Let i = 36 + v. What are the prime factors of i?
2, 5
Suppose -n + 0*n - 5*z = 30, -25 = 3*n + 2*z. Let f(g) = -g + 3. Let d(x) = 5*x - 12. Let s(u) = -6*d(u) - 26*f(u). List the prime factors of s(n).
2, 7
Suppose -2*o = -y + 473, 490 = 2*y + 5*o - 501. What are the prime factors of y?
3, 7, 23
Let c = 47 + -23. Let p be (-4 - 54)*(-3)/6. Let h = p - c. What are the prime factors of h?
5
Let h = -22 - -9. Let v = h - -25. Let k = v + -7. What are the prime factors of k?
5
Let b = 217 - 104. Let s = b - 91. List the prime factors of s.
2, 11
Let d = 60 - 59. What are the prime factors of 2 + d/(2/112)?
2, 29
Suppose 5*r = -2*l + 5826, -r - 9 + 7 = 0. List the prime factors of l.
2, 1459
List the prime factors of (-2)/(-10) - ((-40012)/140 + -6).
2, 73
Let m = 2 + 6. Suppose 0 = -d - 3 + m, -3*r - 5*d = -133. What are the prime factors of r?
2, 3
Let p = -174 - -459. Suppose -3*f + 15 = 0, d - 13 = -d - f. Suppose p = d*l + l. List the prime factors of l.
3, 19
Suppose -5*b + 4*a + 7310 = 0, -3*a + a = 5*b - 7310. Suppose 0 = -5*i + 22*i - b. List the prime factors of i.
2, 43
Suppose 29*v = 24*v + 5*c + 735, -4*c = 4*v - 572. What are the prime factors of v?
5, 29
Suppose -89797 = 78*r - 263659. List the prime factors of r.
3, 743
Let g = -162 + 85. What are the prime factors of (-310)/(-11) + 14/g?
2, 7
Suppose 0 = -3*x - 3, 4*n + 4*x - 3 + 7 = 0. Let d be ((-4)/7)/((-14)/49). Suppose -4*a - 5*t + 19 = -21, a - d*t + 3 = n. List the prime factors of a.
5
Let u(i) = i**3 - 18*i**2 + 6*i + 20. Suppose -5*r = 4*v - 102, -r + 0*r = -2*v - 12. List the prime factors of u(r).
2
Let h(l) = 5*l**2 + 2*l - 10. Suppose -2*k = -n + 5*n + 12, -32 = 4*n - 3*k. What are the prime factors of h(n)?
3, 5, 7
Let l(q) = -5*q + 12. Let n be l(3). What are the prime factors of 0 - 17*6/n?
2, 17
Suppose -2*f = -7*f + 3565. List the prime factors of f.
23, 31
Suppose g = -2*v - 4 - 4, 3*v = -9. What are the prime factors of ((-1)/g)/((-16)/(-3616))?
113
Let i = -141 - -143. Let o(a) = 150*a - 13. List the prime factors of o(i).
7, 41
Suppose x = -4*x + 5. Let z be (1 - 0)/((-8)/(-72)). List the prime factors of x + z + (-5 - -2).
7
Let k = -306 + 727. List the prime factors of k.
421
Suppose 5037 = 12*o - 771. What are the prime factors of o?
2, 11
Let y(h) be the third derivative of h**7/420 + h**6/720 + h**5/60 + h**4/24 - h**2. Let a(j) be the second derivative of y(j). List the prime factors of a(-1).
7
Let v(m) = 6 - 8*m - 31 + 15. What are the prime factors of v(-8)?
2, 3
What are the prime factors of (-80)/3*((-95)/10 - 1)?
2, 5, 7
Suppose 0 = 3*t - 2*i - 1089, 0*i + i = 4*t - 1457. What are the prime factors of t?
5, 73
Let q be (-5)/(-1 + 18/24). What are the prime factors of 5*4/q - -170?
3, 19
Suppose 883 = s + 2*s + 5*b, 0 = 2*s + b - 584. List the prime factors of s.
3, 97
Let r(n) = -2*n**3 - 5*n**2 + 2*n. Let u(z) = z**2 - 2*z - 4. Let j be u(-2). Let p(v) = v**2 - 5*v. Let d be p(j). List the prime factors of r(d).
2, 5
What are the prime factors of 2022/3 - (-1 + -1 - 1)?
677
Let m(f) be the third derivative of 13*f**4/6 - f**3/6 - 3*f**2. List the prime factors of m(1).
3, 17
Let a = 2052 - -528. What are the prime factors of a?
2, 